{"id":21,"date":"2022-05-27T21:44:11","date_gmt":"2022-05-27T21:44:11","guid":{"rendered":"https:\/\/danceencorefitness.ca\/?page_id=21"},"modified":"2025-06-30T09:51:04","modified_gmt":"2025-06-30T09:51:04","slug":"research","status":"publish","type":"page","link":"https:\/\/danceencorefitness.ca\/index.php\/research\/","title":{"rendered":"Research"},"content":{"rendered":"\n<figure class=\"wp-block-image size-large\"><img loading=\"lazy\" decoding=\"async\" width=\"1024\" height=\"513\" src=\"https:\/\/danceencorefitness.ca\/wp-content\/uploads\/2023\/12\/Emma-Rosas-Triptic-1024x513.jpeg\" alt=\"\" class=\"wp-image-585\" srcset=\"https:\/\/danceencorefitness.ca\/wp-content\/uploads\/2023\/12\/Emma-Rosas-Triptic-1024x513.jpeg 1024w, https:\/\/danceencorefitness.ca\/wp-content\/uploads\/2023\/12\/Emma-Rosas-Triptic-300x150.jpeg 300w, https:\/\/danceencorefitness.ca\/wp-content\/uploads\/2023\/12\/Emma-Rosas-Triptic-768x385.jpeg 768w, https:\/\/danceencorefitness.ca\/wp-content\/uploads\/2023\/12\/Emma-Rosas-Triptic.jpeg 1280w\" sizes=\"auto, (max-width: 1024px) 100vw, 1024px\" \/><figcaption class=\"wp-element-caption\">Choreography from Rosas Danst Rosas Remake Project<\/figcaption><\/figure>\n\n\n\n<p class=\"has-system-serif-font-family has-large-font-size\" style=\"font-style:italic;font-weight:500\">*Studies Ongoing* <\/p>\n\n\n\n<p class=\"has-system-serif-font-family\" style=\"font-style:normal;font-weight:300\"><strong><a href=\"https:\/\/danceencorefitness.ca\/index.php\/about\/emma\/\" data-type=\"page\" data-id=\"448\">Emma H Chen<\/a> MSc, Mary Roberts PhD &amp; Andreas Bergdahl PhD<\/strong><\/p>\n\n\n\n<p class=\"has-system-serif-font-family\" style=\"font-style:normal;font-weight:300\"><strong>Department of Health, Kinesiology &amp; Applied Physiology, Concordia University, Montr\u00e9al, Canada<\/strong><\/p>\n\n\n\n<p style=\"font-style:normal;font-weight:300\">Studies investigate whether online dance classes combined with blood flow restriction can be used to increase physical activity levels and reduce the risk of falls among women aged 65+. It is hoped that these online classes may provide a novel and accessible method for older women to remain independent and age well. <\/p>\n\n\n\n<div class=\"wp-block-buttons is-layout-flex wp-block-buttons-is-layout-flex\">\n<div class=\"wp-block-button has-custom-width wp-block-button__width-100\"><a class=\"wp-block-button__link has-contrast-color has-text-color has-background has-link-color has-medium-font-size has-custom-font-size wp-element-button\" href=\"https:\/\/danceencorefitness.ca\/index.php\/research\/publications\/\" style=\"background:linear-gradient(10deg,rgb(228,209,209) 0%,rgb(209,209,228) 100%)\">See Our Projects<\/a><\/div>\n\n\n\n<div class=\"wp-block-button has-custom-width wp-block-button__width-100\"><a class=\"wp-block-button__link has-contrast-color has-text-color has-background has-link-color has-medium-font-size has-custom-font-size wp-element-button\" href=\"https:\/\/danceencorefitness.ca\/index.php\/log-in\/for-participants\/\" style=\"background:linear-gradient(10deg,rgb(228,209,209) 0%,rgb(209,209,228) 100%)\">Participant Log-In<\/a><\/div>\n<\/div>\n\n\n\n<h2 class=\"wp-block-heading\">Select Publications <\/h2>\n\n\n\n<p class=\"has-system-serif-font-family\"><strong><em>Journal Articles<\/em><\/strong> <\/p>\n\n\n\n<ol class=\"wp-block-list\">\n<li style=\"font-style:normal;font-weight:300\"><strong>Chen, E.H.<\/strong>, Bergdahl, A. &amp; Roberts, M. (2024). \u201cImprovements in Postural Stability, Dynamic Balance and Strength Following 12 Weeks of Online Ballet-Modern Dance Classes for Older Women\u201d&nbsp;<em>International Journal of Exercise Science.<\/em>&nbsp;Vol. 17: Iss. 1, Pages 682 \u2013701.&nbsp; <a href=\"https:\/\/digitalcommons.wku.edu\/ijes\/vol17\/iss1\/11\">https:\/\/digitalcommons.wku.edu\/ijes\/vol17\/iss1\/11<\/a>; PMID:&nbsp;<a href=\"https:\/\/pubmed.ncbi.nlm.nih.gov\/38863786\/\">38863786<\/a>; PMCID:&nbsp;<a href=\"https:\/\/www.ncbi.nlm.nih.gov\/pmc\/articles\/PMC11166139\/\">PMC11166139<\/a><\/li>\n<\/ol>\n\n\n\n<p class=\"has-system-serif-font-family\" style=\"font-style:normal;font-weight:300\"><br><strong><em>Thesis<\/em><\/strong><\/p>\n\n\n\n<ol class=\"wp-block-list\">\n<li>Fall Prevention for Older Women Using Online Dance Classes with Blood Flow Restriction&nbsp;<a href=\"https:\/\/spectrum.library.concordia.ca\/id\/eprint\/992695\/\">https:\/\/spectrum.library.concordia.ca\/id\/eprint\/992695\/<\/a><\/li>\n<\/ol>\n\n\n\n<div class=\"wp-block-buttons is-layout-flex wp-block-buttons-is-layout-flex\">\n<div class=\"wp-block-button has-custom-width wp-block-button__width-100\"><a class=\"wp-block-button__link has-contrast-color has-text-color has-background has-link-color has-medium-font-size has-custom-font-size wp-element-button\" href=\"https:\/\/danceencorefitness.ca\/index.php\/research\/publications\/\" style=\"background:linear-gradient(10deg,rgb(228,209,209) 0%,rgb(209,209,228) 100%)\">Full Publication List<\/a><\/div>\n<\/div>\n\n\n\n<h2 class=\"wp-block-heading\">Select Presentations <\/h2>\n\n\n\n<figure class=\"wp-block-embed is-type-video is-provider-youtube wp-block-embed-youtube wp-embed-aspect-16-9 wp-has-aspect-ratio\"><div class=\"wp-block-embed__wrapper\">\n<iframe loading=\"lazy\" title=\"Emma Hsiaowen Chen, CUSRA Winner\" width=\"500\" height=\"281\" src=\"https:\/\/www.youtube.com\/embed\/wdeUiOB3M7o?start=4&#038;feature=oembed\" frameborder=\"0\" allow=\"accelerometer; autoplay; clipboard-write; encrypted-media; gyroscope; picture-in-picture; web-share\" referrerpolicy=\"strict-origin-when-cross-origin\" allowfullscreen><\/iframe>\n<\/div><\/figure>\n\n\n\n<h2 class=\"wp-block-heading\">Acknowledgements <\/h2>\n\n\n\n<ol class=\"wp-block-list\">\n<li style=\"font-style:normal;font-weight:300\">Fonds de Recherche du Qu\u00e9bec \u2013 Sant\u00e9: Formation de Doctorat (2024)<\/li>\n\n\n\n<li style=\"font-style:normal;font-weight:300;line-height:1.5\">Ed Whitlock Fellowship (2023)<\/li>\n\n\n\n<li style=\"font-style:normal;font-weight:300;line-height:1.5\">Fonds de Recherche du Qu\u00e9bec \u2013 Sant\u00e9: Formation de Ma\u00eetrise (2022)<\/li>\n\n\n\n<li style=\"font-style:normal;font-weight:300;line-height:1.5\">Canadian Graduate Scholarship \u2013 Master\u2019s Program (2022), Canadian Institutes of Health Research\/Instituts de Recherche en Sant\u00e9 du Canada<\/li>\n\n\n\n<li style=\"font-style:normal;font-weight:300;line-height:1.5\">Concordia Undergraduate Student Research Award (2020)<\/li>\n<\/ol>\n\n\n\n<hr class=\"wp-block-separator has-alpha-channel-opacity\"\/>\n\n\n\n<p class=\"has-medium-font-size\" style=\"font-style:italic;font-weight:100\"><em>I acknowledge that Concordia University is&nbsp;located on unceded Indigenous lands.&nbsp;The&nbsp;Kanien\u2019keh\u00e1:ka Nation is recognized as the&nbsp;custodians of the lands and waters we now&nbsp;call Montreal.&nbsp;\/ Je reconnais que l\u2019Universit\u00e9 Concordia est&nbsp;situ\u00e9e en territoire autochtone non c\u00e9d\u00e9 et&nbsp;que la nation Kanien\u2019keh\u00e1:ka est la&nbsp;gardienne des terres et des eaux formant&nbsp;aujourd\u2019hui Montr\u00e9al.&nbsp;<\/em><\/p>\n","protected":false},"excerpt":{"rendered":"<p>*Studies Ongoing* Emma H Chen MSc, Mary Roberts PhD &amp; Andreas Bergdahl PhD Department of Health, Kinesiology &amp; Applied Physiology, Concordia University, Montr\u00e9al, Canada Studies investigate whether online dance classes combined with blood flow restriction can be used to increase physical activity levels and reduce the risk of falls among women aged 65+. It is [&hellip;]<\/p>\n","protected":false},"author":1,"featured_media":0,"parent":0,"menu_order":0,"comment_status":"closed","ping_status":"closed","template":"","meta":{"footnotes":""},"class_list":["post-21","page","type-page","status-publish","hentry"],"_links":{"self":[{"href":"https:\/\/danceencorefitness.ca\/index.php\/wp-json\/wp\/v2\/pages\/21","targetHints":{"allow":["GET"]}}],"collection":[{"href":"https:\/\/danceencorefitness.ca\/index.php\/wp-json\/wp\/v2\/pages"}],"about":[{"href":"https:\/\/danceencorefitness.ca\/index.php\/wp-json\/wp\/v2\/types\/page"}],"author":[{"embeddable":true,"href":"https:\/\/danceencorefitness.ca\/index.php\/wp-json\/wp\/v2\/users\/1"}],"replies":[{"embeddable":true,"href":"https:\/\/danceencorefitness.ca\/index.php\/wp-json\/wp\/v2\/comments?post=21"}],"version-history":[{"count":48,"href":"https:\/\/danceencorefitness.ca\/index.php\/wp-json\/wp\/v2\/pages\/21\/revisions"}],"predecessor-version":[{"id":859,"href":"https:\/\/danceencorefitness.ca\/index.php\/wp-json\/wp\/v2\/pages\/21\/revisions\/859"}],"wp:attachment":[{"href":"https:\/\/danceencorefitness.ca\/index.php\/wp-json\/wp\/v2\/media?parent=21"}],"curies":[{"name":"wp","href":"https:\/\/api.w.org\/{rel}","templated":true}]}}